pose 2*l = -28 + 166. What is the remainder when l is divided by 9/(-9)*(-29 - -10)?
12
Let p(h) = h - 1. Suppose 0*n - 4 = -2*n. Suppose 2*w - 4 = n. Calculate the remainder when 3 is divided by p(w).
1
Suppose -2*j - 2*k = 2*k - 80, 5*j - 212 = -4*k. Let m(i) = -22*i + 1. Let s be -3 + (-3)/(-3) - -1. Calculate the remainder when j is divided by m(s).
21
Let f(b) = 22*b + 99. What is the remainder when f(6) is divided by 24?
15
Let p(h) = 7*h**2 - 13*h + 1. Calculate the remainder when p(12) is divided by 107.
104
Let j(t) = t**3 - t**2 + 19. Calculate the remainder when j(0) is divided by -2*1*1*-2.
3
Suppose -40 - 64 = -4*g. Let u be -3*(-2 + 80/6). Calculate the remainder when (-3)/(2*1/u) is divided by g.
25
Suppose -4*b - 10 = b, -70 = -2*w - 3*b. Calculate the remainder when 110 - (1 + -4)/(2/2) is divided by w.
37
Let n = 151 + -130. What is the remainder when 227 is divided by n?
17
Let a(q) be the third derivative of q**6/120 - q**5/4 + q**4/6 - 5*q**3/3 - 40*q**2. Calculate the remainder when a(15) is divided by 17.
16
Let o = -5 + 59. Calculate the remainder when -5*5/(-50) + o/4 is divided by 4.
2
Let f be 10/30 - (-166)/(-3). Let l = f - -99. What is the remainder when l is divided by 16?
12
Suppose 271 = 9*m + 73. Calculate the remainder when m is divided by 5.
2
What is the remainder when (-1)/(12/33)*(-65 - -21) is divided by 41?
39
Let u = -85 - -93. Calculate the remainder when u is divided by 3.
2
Suppose 5*k - 2*p + 5*p = 619, -2*k + 2*p + 254 = 0. Let c = -10135 - -10156. What is the remainder when k is divided by c?
20
What is the remainder when 190 is divided by ((-50)/(-150))/(1/147)?
43
Let c = 12 + 32. What is the remainder when c is divided by 11?
0
Let d(l) = l**3 + 16*l**2 + 9*l - 13. What is the remainder when d(-13) is divided by 38?
35
Let u = -147 + 230. What is the remainder when u is divided by (-1)/4 + (308/16 - -3)?
17
Let f be (-1)/(0 - 3/96). Let o = -78 + f. Let x = o - -79. What is the remainder when x is divided by 7?
5
What is the remainder when (-8 - -3) + 120*(-6)/(-9) is divided by 21 + 0 - 2/1?
18
Let x(t) = t**3 + 12*t**2 - 14. Let r(p) = -p**3 - 13*p**2 - p + 13. Let f(s) = 4*r(s) + 3*x(s). Calculate the remainder when f(-16) is divided by 16.
10
Suppose 0 = 15*x - 427 - 83. Calculate the remainder when x is divided by 13.
8
What is the remainder when 26 + -32 - (-3)/(3/296) is divided by 49?
45
Let v = -342 + 350. Suppose 4*o - 216 = -s, -2*o + s + 108 = 5*s. What is the remainder when o is divided by v?
6
Suppose -5*v = 3 + 12. Let b(g) = g**2 + 6*g + 11. What is the remainder when 9 is divided by b(v)?
1
Suppose -t + 2*j + 198 = -140, 4*j = t - 342. What is the remainder when t is divided by 31?
24
Let k = 476 - 426. What is the remainder when 749 is divided by k?
49
Let b(m) = -2*m - 10. What is the remainder when 39 is divided by b(-15)?
19
Let f(p) = p**2 + 16*p - 7. Let l(k) = -5*k + 2. Let w(b) = 2*f(b) + 7*l(b). Let i = 37 - 32. Calculate the remainder when i is divided by w(2).
1
Suppose -108*l - 84 = -120*l. Let c(x) = x - 4. What is the remainder when c(14) is divided by l?
3
Let t = 40 - 53. Let l = -12 - t. What is the remainder when l is divided by 1?
0
Suppose 4*u = 20, 2 = -4*d - u - u. Let x = 0 - d. Let l(p) = p**2 - p + 6. Calculate the remainder when l(0) is divided by x.
0
Let k = 126 - 81. Suppose 5*s - 74 - 11 = 0. Calculate the remainder when k is divided by s.
11
Let p(y) = 744*y**2 + 2. Calculate the remainder when p(1) is divided by 44.
42
Suppose -25 = 2*z - z. Suppose w = -5*t + 49, 12*t = -2*w + 16*t + 56. Let a = z + w. Calculate the remainder when 26 is divided by a.
8
Suppose 0 = -4*j + 8 + 60. Let x = 6 - 15. Let f = j + x. Calculate the remainder when f is divided by 3.
2
Suppose -110 = 4*o - 4*d - 534, -336 = -3*o - 3*d. Let p = -461 + 477. Calculate the remainder when o is divided by p.
13
Let h(r) = -32*r + 55. Let d be h(4). Suppose -4*q = -3*z - 24 + 10, -4*z + 3*q - 7 = 0. What is the remainder when (-3 - -5) + z - d is divided by 20?
17
Let u = -1094 + 1186. What is the remainder when 350 is divided by u?
74
Let f(n) = 33*n - 3. What is the remainder when f(2) is divided by 13?
11
Let z = -475 - -496. Calculate the remainder when z is divided by 19.
2
Suppose 5*n = 0, -d + 167 = -0*d - 4*n. Suppose -d = -3*i - 29. What is the remainder when i is divided by 24?
22
Let l(d) = d**3 - 8*d**2 + 2*d - 4. Let g be l(8). Suppose p + 2*p = g. Calculate the remainder when 17 is divided by p.
1
Let w(y) = 2*y + 94. Let p(l) = -6*l - 2. Let o be p(-1). Suppose -5*b + m + 5 = -0*b, 4*b = o*m + 20. What is the remainder when w(b) is divided by 24?
22
Let r(x) = 7*x**2 + x + 4. Let t be r(7). Calculate the remainder when ((-1)/2)/((15/t)/(-5)) is divided by 15.
14
Suppose b - 60 = -154. Let z = b + 66. Let r = z + 54. What is the remainder when r is divided by 14?
12
Let h be 2 + -6 + (-12)/(-3). Suppose h = 8*v + 242 - 858. Calculate the remainder when v is divided by 13.
12
Let s be 16784/24 - 2/(-3). Let f(y) = -6*y - 1. What is the remainder when s/40*(-3)/(30/(-8)) is divided by f(-1)?
4
Suppose 263 + 505 = 4*c. Let a = c - 94. Calculate the remainder when a is divided by 20.
18
Suppose 5*u - 10*u = -45. What is the remainder when 98 is divided by u?
8
Let q(p) = p**3 + 24*p**2 + 42*p - 8. Calculate the remainder when 138 is divided by q(-22).
30
Let v(n) = n**3 + 8*n**2 + 82 - 6*n - 4*n - 87. Suppose 2*r = 3*c + 19, -c + 5*r = -4*c - 47. What is the remainder when 10 is divided by v(c)?
2
Let o(p) = -11*p - 157. Calculate the remainder when o(-17) is divided by 7.
2
Let g(s) = 3*s**3 - 2*s**2 - 3*s + 4. Calculate the remainder when g(2) is divided by 13.
1
Let z = -50 + 59. What is the remainder when 57 is divided by 24/(-5*z/(-30))?
9
Let o be ((-6)/(-18))/(1*(-2)/(-54)). Let d(f) = f**3 - 9*f**2 + 3*f - 12. Calculate the remainder when 58 is divided by d(o).
13
Suppose 0 = -3*k - 15, 5*t - 635 = 2*k + 2*k. Let z = -56 + t. Suppose -z - 13 = -4*d. Calculate the remainder when 57 is divided by d.
17
Let m(p) = -p**2 - 14*p - 40. What is the remainder when 22 is divided by m(-7)?
4
Suppose 4*f - 3*f - 13 = -v, v - 3*f = 17. Calculate the remainder when (-30)/645 - (-17650)/430 is divided by v.
13
Let u = -5 - -6. Let j be (-2 + u)/((-2)/18). Calculate the remainder when (36/(-7))/(j/(-168)) is divided by 33.
30
Suppose -8*z - 12 = -12*z. Let g = 1 + z. Suppose 60 = g*m + m. What is the remainder when m is divided by 7?
5
Suppose 3*d = -6, -3*i + 8*i - 3*d - 366 = 0. Suppose s = -a, -3*s + 3*a - 3 = 7*a. What is the remainder when (2/8)/(2/i) is divided by s?
0
Suppose -39*b = -64*b + 4475. What is the remainder when b is divided by 20?
19
Let y = 13 - 8. Suppose -5*k - 8*p + 5*p = -92, k - y*p = -4. Calculate the remainder when 29 is divided by k.
13
Let o = -15 - -17. Suppose 5*y = -5, o*h + 3*y = -3*h + 12. What is the remainder when 572/12 + h/9 is divided by 17?
14
Let k(j) = -1046*j - 3007. What is the remainder when k(-3) is divided by 2*2/8*14?
5
Suppose 20 = -4*p, s - 106 = p + 3*p. Let o = -47 + s. Calculate the remainder when o is divided by 6.
3
Calculate the remainder when (-2)/17 + (-21175)/(-85) + -10 is divided by 62.
53
Suppose -5*s + 16 = -79. What is the remainder when s is divided by 5?
4
Let b(h) = -29*h**3 + h**2 + 3*h + 1. Let y = 43 - 44. Suppose 0 = -2*s + s + 10. What is the remainder when b(y) is divided by s?
8
Let o(p) = 3*p - 8. Suppose g + 3*g = 4. Let v = g + 9. What is the remainder when o(v) is divided by 6?
4
Let j(x) = 62*x + 2. Let s be j(1). Suppose 0 = -q - s - 25. Let t = 186 + q. What is the remainder when t is divided by 25?
22
Suppose 0 = 9*o - 2 + 218. What is the remainder when 73 is divided by (50/8)/((-6)/o)?
23
Let x = 41 + -89. Let a(t) = 3*t**2 - 2*t - 3. Calculate the remainder when a(-5) is divided by (14*1)/((-32)/x).
19
Calculate the remainder when 178 is divided by (-1920)/(-448)*(5 - (-1 - 1)).
28
Suppose 0*f - 3*f = 0. Suppose -4*k = -t + 4 - 74, f = 3*k - t - 53. Calculate the remainder when 60 + (-1)/(5/(-25) - 0) is divided by k.
14
Let x(z) = 2*z**2 - 14*z - 16. Suppose -k - 10 = -6*k. Suppose 5*d - 34 = -4*u, k*d + d - 5 = -u. What is the remainder when x(u) is divided by 25?
22
Let o(a) = -2*a**